 4*b - 12 = 3*q, -q - 5*b - 24 = 0. Is 16 a factor of 16/q*4/2?
True
Let p = -19 - -21. Suppose 2 + 48 = 5*o - p*i, -3*o = -4*i - 44. Does 2 divide o?
True
Suppose -10 = 5*k - 0. Let r be 14/6 + k/6. Suppose r*f = -3*f + 20. Is f a multiple of 3?
False
Let w = 26 - 23. Suppose 4*m = -3*h + 61, 8*h = 2*m + w*h - 63. Does 14 divide m?
False
Let m(i) = i**3 - 2*i - 1. Let p be m(-1). Let w = -50 + 51. Suppose -5*a - 2*x + 53 = p, -29 = -3*a - 3*x + w. Does 11 divide a?
True
Suppose 0 = -4*w - 0*w + 372. Suppose -2*b = b - w. Does 15 divide b?
False
Suppose 4*q + 7 = -1. Let d be ((-12)/q)/(0 + -1). Let k = -1 - d. Does 3 divide k?
False
Is 17 a factor of ((-2)/4)/(2/(-84))?
False
Let t(k) be the second derivative of k**5/20 + 5*k**4/6 + 4*k**3/3 - 13*k**2/2 + 4*k. Let j be t(-9). Does 12 divide 4/j*(-37 - 0)?
False
Let s(w) = 22*w - 5. Let o be s(6). Let j = o - 72. Suppose -7*l + 2*l = 5*d - j, l = 3*d - 17. Is 3 a factor of d?
False
Suppose -53 + 161 = 4*q. Is q a multiple of 9?
True
Let z(o) = o**3 - 9*o**2 + 11*o + 1. Does 20 divide z(9)?
True
Let y be 30/12 - 2/(-4). Suppose -7 = y*o - 100. Suppose 2*s + 3 - o = 0. Is 7 a factor of s?
True
Suppose 2*j - 23 = 5*j + 5*d, 0 = d + 1. Let u be (2 - -1)*46/j. Let a = -12 - u. Is a a multiple of 7?
False
Suppose 6*f = f - 3*t + 425, -255 = -3*f + 2*t. Does 23 divide f?
False
Suppose -4*q - 5*w = -89, w = q - 2*q + 22. Suppose r = -5*x - 18, 2*r + 0*r - x = 8. Suppose -r*j + 11 = -q. Is 12 a factor of j?
False
Let x be (-3 + 18/8)*-4. Is 20 a factor of (1/x)/(1/105)?
False
Let b(x) = -x**3 - 16*x**2 - 2*x - 22. Is 4 a factor of b(-16)?
False
Suppose 0*y - y + 5*w - 18 = 0, w + 6 = -3*y. Does 10 divide (y - 12)/(6/(-4))?
True
Is 3 - 5/((-15)/9) a multiple of 2?
True
Suppose 5*g = -5*m + 60, -3*g - g - 8 = -3*m. Is (-43)/(-4) - (-2)/m a multiple of 8?
False
Let b(z) = 2*z**2 + 5*z - 1. Let i(y) = -y**2 - 3*y. Suppose -5*v - 15 = -5*k, 10*v - 21 = -k + 5*v. Let t(f) = k*b(f) + 13*i(f). Does 7 divide t(-6)?
False
Suppose 2*x = -2*x + 32. Suppose x*q - 3*q = 55. Suppose q = 2*h - 11. Does 6 divide h?
False
Let w be ((-12)/14)/(2/(-14)). Is 15 a factor of (4/w)/(2/45)?
True
Suppose 0 = 3*z - 2*z. Suppose 5*u - 184 + 44 = z. Is 13 a factor of 4/(-14) + 400/u?
False
Suppose 3*p - f + 2*f = 0, p - 5*f = 0. Suppose -5 = -w - 3*i, 4*w - 6*i + 2*i - 4 = p. Suppose -3*s + 4*h + 39 + 18 = 0, w*s - 4*h = 38. Is 17 a factor of s?
False
Let m = 195 - -45. Suppose -4*u + m = -u. Suppose -2*o - 2*o = -u. Is 20 a factor of o?
True
Let d = 84 - 66. Is d a multiple of 4?
False
Let m(n) = 5*n - 6. Let z(x) = 4*x - 6. Let f be z(4). Is 12 a factor of m(f)?
False
Suppose -2*s + 18 = -22. Is s a multiple of 20?
True
Is 23 a factor of 167 + -9 + (2 - 2)?
False
Suppose 4*n = -0*n + 128. Suppose -5*u + n = -113. Does 8 divide u?
False
Is 31 a factor of (-4)/(-34) - 9780/(-102)?
False
Let w = -106 + 151. Is 17 a factor of w?
False
Let h(u) = -2*u**2 - 3*u. Let q be h(-2). Is (-42)/q*(-6 + 7) a multiple of 11?
False
Let i(z) be the second derivative of -z**4/2 + z**3/2 - 2*z**2 + 2*z. Let f be i(3). Let q = 72 + f. Does 12 divide q?
False
Suppose -f - 2*f - j + 20 = 0, -2*f - 3*j = -25. Suppose 0 = m + 2*m + f*z - 64, -5*m - 2*z + 75 = 0. Is m a multiple of 13?
True
Suppose 3*t - 20 = 5*y + 7*t, -3*y = t + 19. Let p = y - -11. Suppose 2*k - 90 = -p*k. Is k a multiple of 18?
True
Let j be 17 - (6 + -3)/(-3). Let l = j + -6. Is l a multiple of 6?
True
Let l(y) = -y**3 - 11*y**2 - 13*y - 8. Let t be l(-10). Is ((-4)/1)/((-4)/t) a multiple of 8?
False
Let i(n) = -5*n**2 - 5*n + 5. Let c(p) be the third derivative of -p**5/60 + p**3/6 - 3*p**2. Let q(b) = 4*c(b) - i(b). Does 6 divide q(-7)?
False
Let y(p) = p + 1. Let i be y(6). Suppose -i*l + 30 = -2*l. Suppose -a - 2*a + 3*q + l = 0, 5 = q. Is a a multiple of 2?
False
Let q be 3*8*(-3)/6. Let x = 40 + q. Is 14 a factor of x?
True
Let n = 87 + -43. Is 22 a factor of n?
True
Suppose 3*s - 100 - 248 = -3*v, 0 = -5*s - 2*v + 577. Is 20 a factor of s?
False
Suppose -2*a + 250 = 5*g, 6*a - 3*a - 389 = -4*g. Does 16 divide a?
False
Suppose h + 3*h = 5*o - 47, 2*h + 7 = -3*o. Let j(k) = -k - 5. Let d be j(h). Suppose 4*f - 108 = -3*q, d*f - 169 = -4*q - q. Does 16 divide q?
True
Let g(x) = x**2 + 13*x + 15. Let v be g(-12). Suppose t + 67 = v*j, 5*t - 113 = -5*j + 32. Does 8 divide j?
True
Let i(h) = -3*h + 5. Suppose -d + 5*t + 19 = 0, 37 = -3*d + d - 5*t. Let q = d - 1. Does 13 divide i(q)?
True
Suppose 3*l = -2 - 13. Let q(y) = -3*y + 3. Does 6 divide q(l)?
True
Let o(j) = -j**3 - 3*j**2 + 3*j - 1. Is o(-4) a multiple of 3?
True
Suppose -3*g + 210 = 2*g. Let k = 4 + g. Is 28 a factor of k?
False
Let w(c) = 2*c**2 + 6*c - 5. Let h be w(4). Suppose 3*t - h = 45. Let s = -23 + t. Is s a multiple of 7?
False
Let n(m) = 3*m. Suppose 0*y = -y - 2. Let f be n(y). Let c(t) = t**2 + t - 6. Does 12 divide c(f)?
True
Suppose -5*o + 3*p + 60 = 0, 4*p - p - 12 = -3*o. Does 8 divide 21 + 6/o*-3?
False
Let r(n) be the third derivative of n**6/120 + n**5/12 - n**4/6 - n**3/3 + 2*n**2. Let m = 7 - 12. Does 18 divide r(m)?
True
Let o be 2/9 - 48/(-27). Is (o - -1)*(-64)/(-12) a multiple of 4?
True
Suppose -5*q - 32 = 5*f + 13, -2*f - 33 = 5*q. Let r be 10*(-2 + (-10)/f). Suppose -p + 5*y - 185 = -r*p, -2*p + 2*y = -70. Does 15 divide p?
False
Suppose 7*d - 4*d - 1275 = 0. Let j = d + -241. Suppose -5 - 112 = -3*g + 4*x, -3*x - j = -5*g. Is g a multiple of 20?
False
Let u be 7/28 - 19/(-4). Suppose 12 = u*p - 88. Is 12 a factor of p?
False
Suppose -5*k - 3*a + 201 = 0, -5*k - 4*a - 65 = -268. Is k a multiple of 8?
False
Let g(b) = b**2 - 10*b + 12. Is g(11) a multiple of 9?
False
Suppose -5*v + 0*v - 70 = 0. Let n = v - -44. Does 11 divide n?
False
Let a(r) = 2*r**3 + 2*r**2 - 2*r - 2. Let s be a(-2). Let x = 6 + s. Suppose x = -3*l + 2*l + 13. Is l a multiple of 6?
False
Let s = -16 - -27. Suppose s + 7 = 2*i. Is 9 a factor of i?
True
Let k = -6 - -9. Suppose -7*s + 64 = k*c - 3*s, 3*s - 69 = -3*c. Let o = -4 + c. Is o a multiple of 12?
True
Let z = 6 + -9. Let n(a) = -5*a - 3. Does 10 divide n(z)?
False
Let t(i) = -i**2 + 18*i + 13. Is 22 a factor of t(13)?
False
Let k(a) = 8*a + 6. Let o be k(8). Suppose -o = 3*g - 5*g. Does 13 divide g?
False
Suppose -5*g = 3*m - 16, -g - m = -2*m. Let k be (-3 + 9 - g)*4. Suppose 2*l + k = 42. Is 8 a factor of l?
False
Suppose -2*l = 5*w - 50, 5*l = w + 2*l - 10. Suppose 2*c - w = -3*g, 1 = -c + 6. Is 12 a factor of 15 + -3 + 0 + g?
True
Let h = 42 - 21. Is 15 a factor of h?
False
Let q(y) = y**2 + 6*y - 4. Let f be q(-6). Let u(s) = 2*s + 4. Let r be u(f). Let n(h) = h**3 + 6*h**2 + 5*h + 3. Is n(r) a multiple of 15?
True
Let a be ((-3)/6)/(-1)*6. Suppose a*t + 0*t = 198. Is t/4 - (-1)/(-2) a multiple of 8?
True
Let b = -21 - -13. Let p = 29 - 13. Let t = p + b. Is t a multiple of 8?
True
Let k be 12 + (1 - 2) + 1. Does 9 divide ((-6)/4)/((-2)/k)?
True
Let l = 82 + -45. Let j = 52 - l. Is 5 a factor of j?
True
Let l(c) = -4*c**3 - 5*c**2 - 3. Let q(o) = 3*o**3 + 5*o**2 - o + 3. Let v(x) = -4*l(x) - 5*q(x). Let g be v(4). Is 7 a factor of ((2 - 1) + 20)/g?
True
Suppose 6*d - d - 270 = 0. Is 11 a factor of d?
False
Suppose -3*s + 157 = 5*l, -l = 3*l + s - 127. Is 11 a factor of l?
False
Let p = 1 + 2. Let x(j) = -2 - p + 4 - 9*j**2 + 3*j + j**3. Is 15 a factor of x(9)?
False
Suppose 2*d = 5*d + 6, 5*v - 2*d = 219. Suppose -5*u + 133 - v = 0. Does 6 divide u?
True
Let m(q) = -10*q - 1. Let c be m(-2). Let g = 48 + c. Suppose -2*o - 17 + g = 0. Does 16 divide o?
False
Let l = 2 - -4. Suppose -3*q + 18 = -l. Is q a multiple of 3?
False
Let j(r) = 2*r + 5. Let y be j(2). Let f = y - 3. Does 6 divide f?
True
Let v(a) = -2*a + 6 - a**2 + 3*a - 3*a - a. Let x be v(-6). Is (-2)/x + 77/6 a multiple of 13?
True
Suppose -w + 390 = 4*w. Suppose t - 5*s = 90, t + 0*s - w = -s. Suppose -t = -4*d - d. Is d a multiple of 8?
True
Is 21 a factor of (-1)/((-2)/(5 - -247))?
True
Suppose -i + 16 = -5*p, -7 = -5*i + 2*p + 27. Let m = 5 - i. Is 5 a factor of ((-13)/2)/(m/2)?
False
Let y(v) = v**2 - v. Let d be y(0). Suppose 5*h - 10 = 0, -44 = 4*c - d*c - 4*h. Is (c/(-12))/(2/56) a multiple of 9?
False
Let l(o) = o**3 - o**2 + o**3 + o - 5*o**2 + 3*o + 5. Is l(4) a multiple of 16?
False